 v**2 + v + 6. Suppose 0*f - f = -6. Let d be y(f). Let j = d - -37. Is j prime?
False
Is ((-28)/(-21))/(2/(-3)) - -1195 a composite number?
False
Suppose -2*g + j = -0*j - 1173, -g = 4*j - 609. Is g prime?
False
Suppose -3*s = 2*s - 10. Let k(l) = 0*l**2 - 2*l**s + 1 - l + 9 + 4*l**2. Is k(-7) a composite number?
True
Let q = -14 - -25. Let k = q + -12. Is 666/7 - k/(-7) a composite number?
True
Suppose -16623 = 27*b - 36*b. Is b a composite number?
False
Let y(s) = -14*s**3 + s**2 + 5*s - 5. Let f(h) = 13*h**3 - 2*h**2 - 6*h + 5. Let r(u) = 2*f(u) + 3*y(u). Is r(-4) prime?
True
Let u be (2/(-3))/(2/(-15)). Let p(l) = 2*l**3 - 7*l**2 + 5*l + 4. Let i be p(5). Suppose -k + i = 3*r, k - 331 = -3*k + u*r. Is k prime?
True
Suppose -4*l - 115 = 5*s - 0*s, 5*s - 4*l = -75. Let u(r) = r**2 + 12*r - 15. Is u(s) a prime number?
False
Is (11 + -11 - 3) + 11960 composite?
True
Let r(i) = -468*i + 11. Is r(-6) composite?
False
Suppose -4*d - 2*k = k + 23, 2*d - k + 19 = 0. Let a = d - -10. Suppose 3*g + 4*x - 863 = 0, 0 = -g + a*g + x - 289. Is g composite?
False
Suppose 0 = i - 1 - 22. Let u = -19 + i. Suppose 0 = -2*l + u*l - 422. Is l composite?
False
Let c = 238 + -415. Let o = c - -296. Is o prime?
False
Is (7508/5)/(36/90) + -5 a prime number?
False
Let y(b) = -2*b**3 - 6*b**2 + 7*b + 4. Let n = -13 + 16. Suppose -n = -d + 1, 4*d = -4*u - 4. Is y(u) a composite number?
True
Let a(s) = s + 11. Let m be a(-9). Let l be (11/(-2))/(m/(-12)). Suppose 4*b = -8, -t + 24 + l = b. Is t composite?
False
Let a(x) be the first derivative of 28*x**3/3 - 21*x**2/2 + 5*x + 14. Is a(6) prime?
True
Suppose 3*i = 3 + 6. Suppose -i*r + 2*r = -3. Suppose r*s = 4*s - 35. Is s a composite number?
True
Let l(t) = 27*t + 3. Let a be l(5). Let n be (45/5 - 8)/((-2)/38). Let b = a + n. Is b a prime number?
False
Let u = 968 - 427. Is u composite?
False
Is (-1)/(-2) - (-143538)/4 composite?
True
Let d = 11881 - 2682. Is d prime?
True
Let u = 9 - 10. Let v(o) = -1163*o**3 - 2*o - 2. Is v(u) prime?
True
Suppose 4*b + o = 5, 2*b + 2*b - 3*o - 17 = 0. Suppose 0*r - 6 = -b*r. Suppose r*i = i + 134. Is i composite?
False
Suppose 0 = 2*v - v - 3. Suppose -11909 = -3*j + 4*z, -v*z = 2*j + 2*z - 7924. Is j a prime number?
True
Suppose 0*m = -a - 5*m + 25, 2*a = 2*m - 10. Suppose 5*s - 4*o - 9 + 3 = a, 0 = -2*o + 2. Let t(h) = 226*h**2 + 2*h - 1. Is t(s) a composite number?
False
Let c(g) = 7*g - 23. Is c(6) prime?
True
Let p(t) = -6*t**2 + t - 23. Let n be p(-7). Suppose 0*v = -3*v + 2865. Let x = v + n. Is x composite?
False
Let k = -14 + 20. Let a(y) = 32*y - 11. Let u(w) = -159*w + 54. Let z(p) = 21*a(p) + 4*u(p). Is z(k) a prime number?
False
Let s(b) = 611*b**2 - 2*b + 5. Is s(3) prime?
False
Suppose -2*f = -4*f - 2990. Is f/10*(4 - 0)/(-2) a composite number?
True
Let a be -6*(16/12)/(-1). Let b(r) = 2*r**2 + r**2 - a*r + 1 + 4 - 3. Is b(6) a prime number?
False
Let c(m) = 41*m + 23. Let n(d) = 14*d + 8. Let f(i) = -3*c(i) + 8*n(i). Let w be ((-5)/2)/5*8. Is f(w) prime?
False
Suppose 2*f = f + 3. Suppose -3*i - 840 = f*i. Let z = i + 231. Is z a prime number?
False
Let c(g) = -21*g**3 - g - 1. Suppose -1 = -5*s + 9. Suppose -2*z = 2*z + s*t + 14, 8 = 2*z - 2*t. Is c(z) a composite number?
True
Let h(j) = -23*j - 30. Let w(p) = -p**3 + 5*p**2 - 3*p + 2. Let s be w(5). Is h(s) a composite number?
False
Let v(t) = t**2 + 18*t + 32. Let b be v(-16). Suppose 5*w - 3071 = 4*c, -2*w + 4*c - 562 + 1800 = b. Is w a composite number?
True
Suppose 0 = -3*f - 9 + 39. Let x(b) = 4*b + 1 + 22*b**2 - 4 - b**2 + f. Is x(-2) composite?
False
Let u be 0/1 + (2 - -1) + 176. Suppose -u = -7*w + 360. Is w composite?
True
Let c(x) = -101*x - 3. Suppose 0 = -4*p - 8. Is c(p) a composite number?
False
Let h(v) = -32*v**2 - 4*v - 9. Let u(q) = -65*q**2 - 8*q - 18. Let w(r) = 7*h(r) - 4*u(r). Is w(-3) a prime number?
False
Let d = 85 + -61. Let f = d - 22. Suppose 188 = -f*i + 4*i. Is i prime?
False
Let z(f) = 14*f**3 - 5*f**2 - 3*f + 3. Let x = -1 + 5. Is z(x) composite?
True
Let n be 246/(-14) + 9/(-21). Let l be ((-2)/3)/((-3)/n). Is (267/(-12))/(1/l) composite?
False
Let h = 553 + -308. Suppose 18*d = 11*d + h. Is d composite?
True
Let m(n) = -n**3 + n**2 - n - 2. Let w be m(3). Let r = 29 + w. Is 4 - -6*(-2)/r composite?
False
Let z(x) be the first derivative of -75*x**2/2 + 5*x + 19. Is z(-4) prime?
False
Let c be -3*-4*1/6. Suppose -3*r = -5*b + 2, -2*r - c*b - 3*b - 18 = 0. Is (-123)/(4/r*1) a composite number?
True
Suppose y + 4*h - 1 = 6, 2*y + h = 0. Let o(k) = -61*k**2 - 2*k + 4. Let t(f) = -62*f**2 - 2*f + 3. Let m(d) = 5*o(d) - 6*t(d). Is m(y) a composite number?
False
Let v = 355 + 648. Let k = v + -216. Is k a prime number?
True
Let j(p) = -40*p + 29. Let d = 77 - 86. Is j(d) prime?
True
Is (52665/(-20) - -1)/(3/(-12)) prime?
True
Suppose -21*v + 48754 = -13133. Is v a composite number?
True
Let a be (1 - (-3 - -4)) + 3. Let j be (1332/30)/(a/15). Suppose -4*v + 1060 = 4*u, 4*u = -2*v + 846 + j. Is u a composite number?
False
Let f(d) = 72*d**3 + 6*d**2 - 3*d - 26. Is f(7) a composite number?
False
Let n = 13 + -14. Let v be n + 54 + (1 - -1). Suppose 0 = -4*b - 5*g + v, 2*g - 4*g = 2*b - 28. Is b a prime number?
False
Let n(u) = -2*u**3 - 2*u**2 + 9*u + 9. Let v be n(5). Let s = v + 389. Is s a composite number?
True
Let z(g) be the second derivative of -25*g**3/6 + g**2 - 3*g. Let n be z(-4). Let f = 75 + n. Is f a prime number?
False
Suppose -5*t + 6 + 4 = 0. Suppose -6 = -3*k + 3*d, 4*k - 5*k - 2*d + t = 0. Suppose -3*b + 296 = -5*r, 5*b + 198 - 681 = -k*r. Is b a composite number?
False
Let w(o) = -863*o + 32. Is w(-9) prime?
False
Let b = -103365 - -159982. Is b a prime number?
False
Let h be 681 + (-4 + -1 - -2). Suppose -m = -4*r + h, -219 = 5*r + m - 1071. Suppose 3*x - 2*p - 531 = 0, 5*p = x + 2*p - r. Is x a prime number?
True
Let c = -13707 + 37625. Is c a composite number?
True
Let q = 974 + -150. Let f = 1731 - q. Is f prime?
True
Suppose -s + 26674 = 49*z - 48*z, -2*s + 53328 = -2*z. Is s composite?
False
Suppose 0 = -2*x + 4*r, -2*r = -0*r - 4. Suppose x*n + 380 = 6*n. Suppose -3*w + 191 = -n. Is w prime?
True
Suppose -4*b - 1277 = -3*v, -2*v - 425 = -3*v + 2*b. Suppose f + v = 5*r - f, 0 = 2*r - f - 171. Is r prime?
False
Let z(q) = 97*q**2 + 39. Is z(8) prime?
True
Let q(o) = 5 - 16*o - 49*o + 4*o. Is q(-2) a composite number?
False
Let y(n) = 16*n**2 - 8*n + 11. Let p = -63 - -68. Is y(p) a composite number?
True
Let t(r) = -566*r - 50. Is t(-12) a prime number?
False
Let q(r) = -r + 7. Let u be q(3). Suppose u*j - 4111 = -1491. Is j composite?
True
Let r(y) = -5*y - 22. Let q be r(-4). Let f(v) = -123*v**3 - v**2 - 1. Is f(q) a prime number?
False
Let p(b) = -11*b - 1. Let h be p(1). Let o(w) = -12*w**2 + 2 + w**3 - 1 - 11*w + 0*w**3 - 2*w**3. Is o(h) composite?
True
Suppose -4*i + 2 = -2, -j + 1096 = -3*i. Is j prime?
False
Let p = -65 + 7. Let h be (-10)/45 + p/(-18). Is 122 - (0/2 + h) a prime number?
False
Let y be 132/9*6/4. Suppose y*z = 17*z + 2110. Is z composite?
True
Let d = 15 + 3. Let o be 4/(-18) - (-7798)/d. Let k = o + 124. Is k prime?
True
Suppose 3*l = -5*s + 27486, 27510 = 3*l - 17*s + 14*s. Is l prime?
False
Suppose -4*x - 110 = -438. Suppose 504 = 2*j + x. Is j a composite number?
False
Let p be (-77)/21 + (-1)/(2 - -1). Is 11763/4 + -1*p/16 prime?
False
Let n(m) = -294*m + 6. Let j be n(-2). Let l = j - -1205. Is l prime?
False
Let q(v) = -137*v + 7. Let n be q(-4). Suppose -p - 3*w + 275 = 0, -n = -2*p - 0*p - 5*w. Suppose p + 116 = 2*d. Is d composite?
True
Let v(i) = -15*i**3 + 6*i**2 - 8*i - 1. Let t be v(6). Let o = -1520 - t. Is o composite?
False
Let i = 16 + -11. Suppose -t = i*t - 18. Is t/(9/(-3))*-161 a composite number?
True
Let m be (-5708)/9 + (-52)/(-234). Is m/(-6) - (-5)/15 composite?
True
Is (-3 - -1)*10/(40/(-1802)) composite?
True
Let t(m) = 4*m - 2. Let q be t(1). Suppose q*v + v - 1956 = 0. Is -2 - 4/((-16)/v) prime?
False
Suppose 0*a = -4*a, -2*m = 5*a - 8. Suppose 2*q = -4*u - 2, -q - m*u + u - 1 = 0. Is (q - -2)*447/3 prime?
True
Let f(s) = -351*s + 12. Let u be f(10). Let j = -2285 - u. Is j prime?
True
Let c(m) = -22*m**3 - 3*m**2 + 4. Let f be c(-2). Is (133/5)/(f/40 + -4) prime?
False
Suppose 9*b - 5*b - 108 = 0. 